(0) is divided by b?
25
Let d = -10 - -8. Let r be (-114)/10 - (-15)/(-25). Calculate the remainder when r/15*25/d is divided by 6.
4
Calculate the remainder when 75068/(-56)*(-3)/(-21)*-8 is divided by 73.
72
Suppose -3*j + 52 = 5*m, 4*m - 43 = 3*j - 4*j. Suppose 0 = -3*n - 2*n, 0 = 5*q + 3*n - 15. Calculate the remainder when m is divided by q.
2
Suppose 3*b - 5*g - 34 = -0*g, 18 = b - 3*g. Let i = 36 - 33. Suppose 0 - 9 = -i*c. What is the remainder when b is divided by c?
0
Let o(w) = w**2 + 5*w + 6. Let f be o(-5). Let k be (13/(-4) - -2)*28*-3. Calculate the remainder when 40 is divided by (k/10)/(f/8).
12
Let n(s) = -s**2 - 6*s + 4. Let j be n(-4). Let i be 52/6*j/8. Let f = i - 11. What is the remainder when 5 is divided by f?
1
What is the remainder when 161 is divided by 22*(4/6 + (-13)/78)?
7
Let f = 1067 + -1046. Suppose -3*i - 2*v + 287 = 0, -4*v - v + 272 = 3*i. Calculate the remainder when i is divided by f.
15
Let g(s) = 12*s**2 - 13. Calculate the remainder when g(-8) is divided by 21.
20
Suppose -12*a = -56 + 8. What is the remainder when 30 is divided by a?
2
Let t be 194/(-4)*(-1 + -3). Suppose 0 = 2*c - c, 0 = 2*i + c - t. Suppose 6*b - 458 = -17*b + 117. Calculate the remainder when i is divided by b.
22
Suppose d = 3*m - 3, -3 + 0 = -4*m + d. Let l(k) = -k**3 - k**2 + 9. Let x be l(m). Suppose 6*q - x*q + 33 = 0. Calculate the remainder when q is divided by 3.
2
Suppose 7 = -4*m + 87. Let w(g) = 56*g - 354. What is the remainder when w(7) is divided by m?
18
Suppose -391 = -11*o - 61. Calculate the remainder when 66 is divided by o.
6
Let f = -435 + 737. Let n = f + -183. Calculate the remainder when n is divided by 30.
29
Let i(h) = 3*h - 5*h + 3*h. What is the remainder when 4/(-2)*(-5 + (-15)/10 - 4) is divided by i(6)?
3
Calculate the remainder when -2 + 1 - -4*13 is divided by 33 + 4*((-243)/(-108))/(3/(-2)).
24
Suppose -2524 + 2482 = -3*q. Calculate the remainder when 17 is divided by q.
3
Suppose 2*r + 51 = -r. Suppose -10*p - 49 = -11*p. Let y = p + r. Calculate the remainder when y is divided by 17.
15
Suppose -2*v + 4*g + 24 = 0, -3*g - 19 = -0*v - 2*v. Let m(o) = -o**v + 6*o - o + 6 - 3 + 0*o**2. Calculate the remainder when 18 is divided by m(4).
4
Let t(b) = b**2 + 3*b - 14. Suppose -u + 4*s = 18, 5*u + 21 + 0 = -3*s. What is the remainder when 17 is divided by t(u)?
1
Let j be -2 + (-147)/(-2) + 2/(-4). Let m = j - 69. Let w = -1 + 3. Calculate the remainder when m is divided by w.
0
Let r = 48 - 11. Suppose -r = 4*y - 141. Calculate the remainder when 50 is divided by ((-5)/5)/((-2)/y).
11
Let c be 7/(35/(-20)) - 456. Calculate the remainder when 168 is divided by (4/18 - c/36) + 4.
15
Calculate the remainder when 108 is divided by 25/45 + -1 + 1030/90.
9
Let s(m) = -m**3 - 41*m**2 + 82*m + 178. What is the remainder when s(-43) is divided by 59?
55
Suppose 162 = 15*p + 3*p. What is the remainder when 116 is divided by p?
8
Suppose 3 = -3*b + 3*z, 2*z - 10 - 1 = -b. Suppose -3*w + 0*r = b*r - 66, 5*w = 3*r + 118. Calculate the remainder when 91 is divided by w.
22
Suppose -270 = 6*f - 12*f. Calculate the remainder when f is divided by 16.
13
Let k = 344 - 240. Let j = -62 + k. Let h = -9 + 20. Calculate the remainder when j is divided by h.
9
Let z = 347 - 304. What is the remainder when z is divided by 24?
19
Suppose 4*i - 2*s - 140 = 0, 4*i - 144 = -2*s - 20. Calculate the remainder when 328 is divided by i.
31
Suppose -2*m = -4*m - 46. Let v = m + -4. Let a = 4 - v. What is the remainder when a is divided by 16?
15
Let n(u) = -4*u**2 - u + 2. Let g be n(1). What is the remainder when (-16)/24 + (-32)/g is divided by ((-6)/4)/((-2)/4)?
1
Suppose -2*q - 6 + 0 = 0. Suppose u = -2*l + 3, -5*l = -2*l - u + 8. What is the remainder when 24 is divided by 5 + 2 - (q - l)?
6
Let j = -369 + 411. Calculate the remainder when 56 is divided by j.
14
Let d(v) = -6*v - 5. Let g = 196 - 186. Calculate the remainder when d(-3) is divided by g.
3
Suppose 0 = 3*r - 6, 142 = 3*c - r + 6*r. Calculate the remainder when 142 is divided by c.
10
Let t(o) = 31*o**2 + o - 2. Let j be t(1). Suppose 5*b - 10*b = -j. What is the remainder when 23 is divided by b?
5
Let g(p) be the third derivative of p**5/60 - 7*p**4/24 + 5*p**3/3 + 6*p**2. Let q(x) = 7*x**2 - 1. Calculate the remainder when g(7) is divided by q(-1).
4
Suppose 3*o + o - 4*v - 164 = 0, 4*o - 2*v = 164. Suppose -37*c + o*c = 80. What is the remainder when 78 is divided by c?
18
Suppose -5*c + h - 48 = 0, -c + 3*h - 24 = 2*c. Let d(t) = -2*t + 1. Let f be d(c). Calculate the remainder when 1374/f - 3/7 is divided by 22.
21
Suppose -4*s = -5*j + 19, -s = 4*j - 9 - 2. Suppose j*z - 618 = -3*z. What is the remainder when z is divided by 15?
13
Let t = -101 - -376. What is the remainder when t is divided by 57?
47
Suppose -411*b + 419*b = 4376. Calculate the remainder when b is divided by 11.
8
Suppose -2*w - w - 12 = -4*s, -5*w - 2*s + 6 = 0. Suppose w*n - 144 = -4*n - 3*d, -5*n = -3*d - 180. Calculate the remainder when n is divided by 8.
4
Let r be (9 + -10)/((-1)/3). Suppose -4*w - 5*t + r = -0, w - 2*t - 17 = 0. Let m(b) = -b + 1. Calculate the remainder when w is divided by m(-2).
1
Let w(u) = u**2 + 4*u - 20. Let g be w(-12). Suppose 2*l - 22 = g. What is the remainder when 97 is divided by l?
48
Suppose -6 = -4*g - 2. Let b(x) = 48*x**3 - 3*x**2 + x + 1. Let m = 5 - -7. Calculate the remainder when b(g) is divided by m.
11
Let x be ((-24)/(-20))/(2/5). Suppose -2*v + 15 = 2*y + 3*y, -5*v + x*y + 115 = 0. Calculate the remainder when v is divided by 9.
2
Let n = 108 + -74. Suppose n = 3*r - 44. Calculate the remainder when r is divided by 3.
2
Let t be (6/4)/((-4)/(-8)) + -33. Let n = t - -46. What is the remainder when 78 is divided by n?
14
What is the remainder when ((-9)/18)/((-4)/824) is divided by 2/7 - 486/(-14)?
33
Let d = -184 - -270. Let w(l) = -l**3 - 4*l**2 - 3*l + 3. Calculate the remainder when d is divided by w(-4).
11
Let k = 241 + -202. Suppose -3*z = z - 92. Calculate the remainder when k is divided by z.
16
Let o = -356 - -742. What is the remainder when o is divided by 65?
61
Let z(u) = 6*u**2 - 9*u + 1. What is the remainder when z(4) is divided by 7?
5
Suppose t + 2*n + 8 = -0*t, 3*n = -2*t - 13. Let y be ((-168)/t)/(-1 - -2). Suppose 6*k - y = 2*k. Calculate the remainder when 83 is divided by k.
20
Let d = 21 - -18. Let p(l) = 3*l**3 - 2*l. What is the remainder when d is divided by p(2)?
19
Suppose 4*k + k = 5. Suppose -2*z - 4*b + k = -7*b, 0 = z + b + 2. Let i(v) = -19*v**3 + v + 1. What is the remainder when 37 is divided by i(z)?
18
Suppose -4*c = 2*o - 66, -2*o + 6*o - 62 = -3*c. What is the remainder when 44 + -38 + 31*1 is divided by c?
9
Let d = 36 - 22. Suppose -1 = 4*z + 3*m - 5, -2*z - 12 = 5*m. Suppose -39 = -x - 4*i, 2*x + 3 = -z*i + 69. Calculate the remainder when x is divided by d.
13
Suppose 0 = 3*m - 3*n - 141, m - 5*n - 75 = -12. Suppose -30 = -14*o + 4*o. Calculate the remainder when 42 is divided by m/o + (-20)/(-30).
12
Let n = -3 - -19. Suppose -3*d - c + 1463 = 0, -582 - 395 = -2*d + c. Suppose -11*f + 3*f = -d. What is the remainder when f is divided by n?
13
Let u(r) = r**3 + 3*r**2 - 6*r - 5. Suppose 0 = 5*j + 11 - 31. Suppose -10 = -k - j. Calculate the remainder when k is divided by u(-4).
0
Let a(b) = -b**2 - 7*b - 2. Let r(c) = -c**2 - 16*c + 36. Calculate the remainder when r(-17) is divided by a(-4).
9
Let b(k) = k**3 - 4*k**2 - 29*k. Calculate the remainder when b(10) is divided by 13.
11
Suppose 2*q - 1773 = -7*q. Suppose -51 = -4*s + q. Calculate the remainder when 183 is divided by s.
59
Suppose 27*i - 2240 = -63*i + 26*i. Suppose -v = 3*c - 2*v - 196, 4*c - 266 = -v. What is the remainder when c is divided by i?
31
Let b = -13 + 17. Let x(r) = -r**2 + 3*r + 4. Let y be x(b). Suppose y*n - 60 = -3*n. What is the remainder when 59 is divided by n?
19
Let q = -35 + 68. Suppose 2*n - q - 121 = 0. Calculate the remainder when n is divided by 39.
38
Let y be (4/1)/(0 - 1). Let n(v) = v**3 + 15*v**2 + 13*v - 6. Let k be n(-15). Calculate the remainder when k/y - 9/(-12) is divided by 13.
12
Suppose 0 = d - 4*b - 2, -2*b = 5*d + 17 - 49. Let l be (-8 + 2)*d/9. Calculate the remainder when 16 is divided by 